{"id":26007,"date":"2022-06-26T11:48:00","date_gmt":"2022-06-26T08:48:00","guid":{"rendered":"https:\/\/feyyazinci.com\/?page_id=26007"},"modified":"2024-07-28T04:27:08","modified_gmt":"2024-07-28T01:27:08","slug":"arabuluculuk","status":"publish","type":"page","link":"https:\/\/www.feyyazinci.com\/?page_id=26007","title":{"rendered":"Arabuluculuk"},"content":{"rendered":"\t\t<div data-elementor-type=\"wp-page\" data-elementor-id=\"26007\" class=\"elementor elementor-26007\">\n\t\t\t\t\t\t\t\t\t<section class=\"elementor-section elementor-top-section elementor-element elementor-element-a272d05 elementor-section-boxed elementor-section-height-default elementor-section-height-default\" data-id=\"a272d05\" data-element_type=\"section\">\n\t\t\t\t\t\t<div class=\"elementor-container elementor-column-gap-default\">\n\t\t\t\t\t<div class=\"elementor-column elementor-col-100 elementor-top-column elementor-element elementor-element-3234ea1\" data-id=\"3234ea1\" data-element_type=\"column\" data-settings=\"{&quot;background_background&quot;:&quot;classic&quot;}\">\n\t\t\t<div class=\"elementor-widget-wrap elementor-element-populated\">\n\t\t\t\t\t\t\t\t<div class=\"elementor-element elementor-element-3bb818a elementor-widget elementor-widget-image\" data-id=\"3bb818a\" data-element_type=\"widget\" data-widget_type=\"image.default\">\n\t\t\t\t<div class=\"elementor-widget-container\">\n\t\t\t<style>\/*! elementor - v3.6.6 - 08-06-2022 *\/\n.elementor-widget-image{text-align:center}.elementor-widget-image a{display:inline-block}.elementor-widget-image a img[src$=\".svg\"]{width:48px}.elementor-widget-image img{vertical-align:middle;display:inline-block}<\/style>\t\t\t\t\t\t\t\t\t\t\t\t<img loading=\"lazy\" decoding=\"async\" width=\"840\" height=\"261\" src=\"https:\/\/www.feyyazinci.com\/wp-content\/uploads\/2024\/07\/321-1024x318.jpg\" class=\"attachment-large size-large\" alt=\"\" srcset=\"https:\/\/www.feyyazinci.com\/wp-content\/uploads\/2024\/07\/321-1024x318.jpg 1024w, https:\/\/www.feyyazinci.com\/wp-content\/uploads\/2024\/07\/321-300x93.jpg 300w, https:\/\/www.feyyazinci.com\/wp-content\/uploads\/2024\/07\/321-768x238.jpg 768w, https:\/\/www.feyyazinci.com\/wp-content\/uploads\/2024\/07\/321-1536x477.jpg 1536w, https:\/\/www.feyyazinci.com\/wp-content\/uploads\/2024\/07\/321-2048x636.jpg 2048w\" sizes=\"auto, (max-width: 709px) 85vw, (max-width: 909px) 67vw, (max-width: 1362px) 62vw, 840px\" \/>\t\t\t\t\t\t\t\t\t\t\t\t\t\t\t<\/div>\n\t\t\t\t<\/div>\n\t\t\t\t<div class=\"elementor-element elementor-element-8bf7bde elementor-widget elementor-widget-heading\" data-id=\"8bf7bde\" data-element_type=\"widget\" data-widget_type=\"heading.default\">\n\t\t\t\t<div class=\"elementor-widget-container\">\n\t\t\t<style>\/*! elementor - v3.6.6 - 08-06-2022 *\/\n.elementor-heading-title{padding:0;margin:0;line-height:1}.elementor-widget-heading .elementor-heading-title[class*=elementor-size-]>a{color:inherit;font-size:inherit;line-height:inherit}.elementor-widget-heading .elementor-heading-title.elementor-size-small{font-size:15px}.elementor-widget-heading .elementor-heading-title.elementor-size-medium{font-size:19px}.elementor-widget-heading .elementor-heading-title.elementor-size-large{font-size:29px}.elementor-widget-heading .elementor-heading-title.elementor-size-xl{font-size:39px}.elementor-widget-heading .elementor-heading-title.elementor-size-xxl{font-size:59px}<\/style><h2 class=\"elementor-heading-title elementor-size-default\">Arabuluculuk<\/h2>\t\t<\/div>\n\t\t\t\t<\/div>\n\t\t\t\t<div class=\"elementor-element elementor-element-f6da2ad elementor-widget__width-inherit elementor-widget elementor-widget-text-editor\" data-id=\"f6da2ad\" data-element_type=\"widget\" data-widget_type=\"text-editor.default\">\n\t\t\t\t<div class=\"elementor-widget-container\">\n\t\t\t<style>\/*! elementor - v3.6.6 - 08-06-2022 *\/\n.elementor-widget-text-editor.elementor-drop-cap-view-stacked .elementor-drop-cap{background-color:#818a91;color:#fff}.elementor-widget-text-editor.elementor-drop-cap-view-framed .elementor-drop-cap{color:#818a91;border:3px solid;background-color:transparent}.elementor-widget-text-editor:not(.elementor-drop-cap-view-default) .elementor-drop-cap{margin-top:8px}.elementor-widget-text-editor:not(.elementor-drop-cap-view-default) .elementor-drop-cap-letter{width:1em;height:1em}.elementor-widget-text-editor .elementor-drop-cap{float:left;text-align:center;line-height:1;font-size:50px}.elementor-widget-text-editor .elementor-drop-cap-letter{display:inline-block}<\/style>\t\t\t\t<p>Uzman Arabulucu Ramazan Feyyaz \u0130NC\u0130, Adalet Bakanl\u0131\u011f\u0131 Arabuluculuk Daire Ba\u015fkanl\u0131\u011f\u0131 Arabulucular Siciline 13424 sicil numaras\u0131 ile kay\u0131tl\u0131d\u0131r.<\/p><p>Uzmanl\u0131k Alanlar\u0131;<\/p><ul><li>\u0130\u015f Hukuku (\u0130\u015f\u00e7i &#8211; \u0130\u015fveren Uyu\u015fmazl\u0131\u011f\u0131)<\/li><li>Ticaret Hukuku<\/li><li>Sigorta Hukuku<\/li><li>Fikri ve S\u0131nai Haklar Hukuku<\/li><li>T\u00fcketici Hukuku<\/li><li>T\u00fcm ihtiyari arabuluculuk konular\u0131<\/li><\/ul>\t\t\t\t\t\t<\/div>\n\t\t\t\t<\/div>\n\t\t\t\t\t<\/div>\n\t\t<\/div>\n\t\t\t\t\t\t\t<\/div>\n\t\t<\/section>\n\t\t\t\t<section class=\"elementor-section elementor-top-section elementor-element elementor-element-e936988 elementor-section-boxed elementor-section-height-default elementor-section-height-default\" data-id=\"e936988\" data-element_type=\"section\">\n\t\t\t\t\t\t<div class=\"elementor-container elementor-column-gap-default\">\n\t\t\t\t\t<div class=\"elementor-column elementor-col-100 elementor-top-column elementor-element elementor-element-e53e238\" data-id=\"e53e238\" data-element_type=\"column\">\n\t\t\t<div class=\"elementor-widget-wrap elementor-element-populated\">\n\t\t\t\t\t\t\t\t<div class=\"elementor-element elementor-element-863a55c elementor-widget elementor-widget-text-editor\" data-id=\"863a55c\" data-element_type=\"widget\" data-widget_type=\"text-editor.default\">\n\t\t\t\t<div class=\"elementor-widget-container\">\n\t\t\t\t\t\t\t<p>Arabuluculuk, g\u00fcn\u00fcm\u00fczde bar\u0131\u015f\u00e7\u0131l yollarla uyu\u015fmazl\u0131k \u00e7\u00f6z\u00fcm y\u00f6ntemleri i\u00e7inde en yayg\u0131n olarak bilinen ve uygulanan uyu\u015fmazl\u0131k \u00e7\u00f6z\u00fcm y\u00f6ntemidir.<\/p><p>Arabuluculuk, sistematik teknikler uygulayarak, g\u00f6r\u00fc\u015fmek ve m\u00fczakerelerde bulunmak amac\u0131yla taraflar\u0131 bir araya getiren, onlar\u0131n birbirlerini anlamalar\u0131n\u0131 ve bu suretle \u00e7\u00f6z\u00fcmlerini kendilerinin \u00fcretmesini sa\u011flamak i\u00e7in aralar\u0131nda ileti\u015fim s\u00fcrecinin kurulmas\u0131n\u0131 ger\u00e7ekle\u015ftiren, uzmanl\u0131k e\u011fitimi alm\u0131\u015f, tarafs\u0131z ve ba\u011f\u0131ms\u0131z bir \u00fc\u00e7\u00fcnc\u00fc ki\u015fi olan arabulucunun kat\u0131l\u0131m\u0131yla ve ihtiyar\u00ee olarak y\u00fcr\u00fct\u00fclen uyu\u015fmazl\u0131k \u00e7\u00f6z\u00fcm y\u00f6ntemidir.<\/p><p>Arabuluculuk g\u00f6r\u00fc\u015fmelerinde, taraflar\u0131n birbirleri ile ileti\u015fim kurmalar\u0131 ve bu ileti\u015fimin peki\u015ftirilmesi suretiyle, birbirlerine ait menfaatleri ve ortak y\u00f6nleri daha iyi anlamalar\u0131 ve somut duruma g\u00f6re i\u015flerlik kazanabilecek de\u011fi\u015fik \u00e7\u00f6z\u00fcm se\u00e7eneklerini genel bir \u00e7er\u00e7evede \u00fcretip, de\u011ferlendirmeleri sa\u011flan\u0131r. Arabuluculuk s\u00fcrecinin i\u015fleyi\u015finde ve sonucun elde edilmesinde t\u00fcm\u00fcyle taraflar egemendir.<\/p><p>Kar\u015f\u0131 tarafla aran\u0131zda hukuki bir uyu\u015fmazl\u0131k \u00e7\u0131kt\u0131ktan sonra, mahkemede dava a\u00e7madan veya tahkime ba\u015fvurmadan \u00f6nce arabulucuya gidebilece\u011finiz gibi, mahkemede dava a\u00e7t\u0131ktan sonra da arabulucuya gidebilirsiniz.<\/p><p>Bu do\u011frultuda, arabuluculuk ba\u015fvuru dilek\u00e7esini doldurabilir, <a href=\"mailto:info@feyyazinci.com\">info@feyyazinci.com<\/a>\u00a0adresine g\u00f6nderebilirsiniz.<\/p><p>Dilek\u00e7enizin ula\u015fmas\u0131ndan itibaren en k\u0131sa s\u00fcre i\u00e7inde sekreteryam\u0131z sizinle ileti\u015fime ge\u00e7ecektir.<\/p><p>Daha detayl\u0131 bilgi i\u00e7in l\u00fctfen <strong>+90 212 909 80 85<\/strong> numaral\u0131 Whatsapp Hatt\u0131m\u0131z \u00fczerinden ileti\u015fime ge\u00e7iniz.\u00a0<\/p><p style=\"margin-bottom: 1rem; color: #212529; font-family: Poppins, sans-serif;\">\u00a0<\/p>\t\t\t\t\t\t<\/div>\n\t\t\t\t<\/div>\n\t\t\t\t\t<\/div>\n\t\t<\/div>\n\t\t\t\t\t\t\t<\/div>\n\t\t<\/section>\n\t\t\t\t\t\t\t<\/div>\n\t\t","protected":false},"excerpt":{"rendered":"<p>Arabuluculuk Uzman Arabulucu Ramazan Feyyaz \u0130NC\u0130, Adalet Bakanl\u0131\u011f\u0131 Arabuluculuk Daire Ba\u015fkanl\u0131\u011f\u0131 Arabulucular Siciline 13424 sicil numaras\u0131 ile kay\u0131tl\u0131d\u0131r. Uzmanl\u0131k Alanlar\u0131; \u0130\u015f Hukuku (\u0130\u015f\u00e7i &#8211; \u0130\u015fveren Uyu\u015fmazl\u0131\u011f\u0131) Ticaret Hukuku Sigorta Hukuku Fikri ve S\u0131nai Haklar Hukuku T\u00fcketici Hukuku T\u00fcm ihtiyari arabuluculuk konular\u0131 Arabuluculuk, g\u00fcn\u00fcm\u00fczde bar\u0131\u015f\u00e7\u0131l yollarla uyu\u015fmazl\u0131k \u00e7\u00f6z\u00fcm y\u00f6ntemleri i\u00e7inde en yayg\u0131n olarak bilinen ve uygulanan &hellip; <a href=\"https:\/\/www.feyyazinci.com\/?page_id=26007\" class=\"more-link\">Okumaya devam et<span class=\"screen-reader-text\"> &#8220;Arabuluculuk&#8221;<\/span><\/a><\/p>\n","protected":false},"author":1,"featured_media":0,"parent":0,"menu_order":0,"comment_status":"closed","ping_status":"closed","template":"elementor_header_footer","meta":{"_monsterinsights_skip_tracking":false,"_monsterinsights_sitenote_active":false,"_monsterinsights_sitenote_note":"","_monsterinsights_sitenote_category":0,"footnotes":""},"class_list":["post-26007","page","type-page","status-publish","hentry"],"_links":{"self":[{"href":"https:\/\/www.feyyazinci.com\/index.php?rest_route=\/wp\/v2\/pages\/26007","targetHints":{"allow":["GET"]}}],"collection":[{"href":"https:\/\/www.feyyazinci.com\/index.php?rest_route=\/wp\/v2\/pages"}],"about":[{"href":"https:\/\/www.feyyazinci.com\/index.php?rest_route=\/wp\/v2\/types\/page"}],"author":[{"embeddable":true,"href":"https:\/\/www.feyyazinci.com\/index.php?rest_route=\/wp\/v2\/users\/1"}],"replies":[{"embeddable":true,"href":"https:\/\/www.feyyazinci.com\/index.php?rest_route=%2Fwp%2Fv2%2Fcomments&post=26007"}],"version-history":[{"count":61,"href":"https:\/\/www.feyyazinci.com\/index.php?rest_route=\/wp\/v2\/pages\/26007\/revisions"}],"predecessor-version":[{"id":26413,"href":"https:\/\/www.feyyazinci.com\/index.php?rest_route=\/wp\/v2\/pages\/26007\/revisions\/26413"}],"wp:attachment":[{"href":"https:\/\/www.feyyazinci.com\/index.php?rest_route=%2Fwp%2Fv2%2Fmedia&parent=26007"}],"curies":[{"name":"wp","href":"https:\/\/api.w.org\/{rel}","templated":true}]}}